{"id":1563,"date":"2026-03-02T19:15:40","date_gmt":"2026-03-02T17:15:40","guid":{"rendered":"https:\/\/movepitajanmaki.fi\/?page_id=1563"},"modified":"2026-03-02T23:59:57","modified_gmt":"2026-03-02T21:59:57","slug":"cookie-statement","status":"publish","type":"page","link":"https:\/\/movepitajanmaki.fi\/index.php\/en\/cookie-statement\/","title":{"rendered":"Cookie statement"},"content":{"rendered":"\n\n<!-- Legal document generated by Complianz | GDPR\/CCPA Cookie Consent https:\/\/wordpress.org\/plugins\/complianz-gdpr -->\n<div id=\"cmplz-document\" class=\"cmplz-document cookie-statement cmplz-document-eu\"><p><i>T\u00e4m\u00e4 ev\u00e4stek\u00e4yt\u00e4nt\u00f6 p\u00e4ivitettiin viimeksi maaliskuu 2, 2026, ja se koskee Euroopan talousalueen ja Sveitsin pysyv\u00e4sti asuvia kansalaisia.<\/i><br><\/p><h2>1. Esittely<\/h2><p>Verkkosivustomme, <a href=\"https:\/\/movepitajanmaki.fi\">https:\/\/movepitajanmaki.fi<\/a> (j\u00e4ljemp\u00e4n\u00e4: \u201cverkkosivusto\u201d) hy\u00f6dynt\u00e4\u00e4 ev\u00e4steit\u00e4 ja muita niihin liittyvi\u00e4 tekniikoita (k\u00e4yt\u00e4nn\u00f6llisist\u00e4 syist\u00e4 viittaamme kaikkiin tekniikoihin \u201cev\u00e4stein\u00e4\u201d). Ev\u00e4steit\u00e4 asettavat my\u00f6s kolmannet osapuolet, joiden kanssa teemme yhteisty\u00f6t\u00e4. Alla olevassa asiakirjassa kerromme verkkosivustomme k\u00e4ytt\u00e4mist\u00e4 ev\u00e4steist\u00e4.<\/p><h2>2. Mit\u00e4 ovat ev\u00e4steet?<\/h2><p>Ev\u00e4ste on pieni yksinkertainen tiedosto, joka l\u00e4hetet\u00e4\u00e4n verkkosivujen mukana ja jonka selaimesi tallentaa tietokoneesi tai muun laitteesi kovalevylle. Siihen tallennettu tieto voidaan palauttaa palvelimillemme tai asiaankuuluvien kolmansien osapuolien palvelimille seuraavan vierailun yhteydess\u00e4.<\/p><h2>3. Mit\u00e4 ovat komentosarjat?<\/h2><p>Komentosarja on ohjelmointikoodia, jonka avulla verkkosivustomme toimii oikein ja interaktiivisesti. T\u00e4m\u00e4 koodi suoritetaan joko palvelimellamme tai laitteellasi.<\/p><h2>4. Mik\u00e4 on verkkoj\u00e4ljite?<\/h2><p>Verkkoj\u00e4ljite (tai pixel tagi) on pieni, verkkosivustolla oleva n\u00e4kym\u00e4t\u00f6n teksti tai kuva, jota k\u00e4ytet\u00e4\u00e4n verkkosivuston liikenteen seuraamiseen. T\u00e4m\u00e4 toteutetaan tallentamalla sinusta erin\u00e4isi\u00e4 tietoja verkkoj\u00e4ljitteit\u00e4 k\u00e4ytt\u00e4m\u00e4ll\u00e4.<\/p><h2>5. Ev\u00e4steet<\/h2><p class=\"cmplz-subtitle\">5.1 Tekniset tai toiminnalliset ev\u00e4steet<\/p><p>Jotkut ev\u00e4steet varmistavat, ett\u00e4 tietyt verkkosivuston osat toimivat oikein ja ett\u00e4 k\u00e4ytt\u00e4j\u00e4asetukset pysyv\u00e4t tiedossa. Asettamalla toiminnallisia ev\u00e4steit\u00e4 helpotamme verkkosivustollamme vierailua. N\u00e4in sinun ei tarvitse toistuvasti sy\u00f6tt\u00e4\u00e4 samoja tietoja vieraillessasi verkkosivuillamme ja esimerkiksi tuotteet s\u00e4ilyv\u00e4t ostoskorissasi, kunnes olet maksanut. Saatamme asettaa n\u00e4m\u00e4 ev\u00e4steet ilman suostumustasi.<\/p><p class=\"cmplz-subtitle\">5.2 Markkinointi-\/seurantaev\u00e4steet<\/p><p>Markkinointi-\/seurantaev\u00e4steet ovat ev\u00e4steit\u00e4 tai mit\u00e4 tahansa muuta paikallista tallennusmuotoa, joita k\u00e4ytet\u00e4\u00e4n k\u00e4ytt\u00e4j\u00e4profiilien luomiseen mainonnan n\u00e4ytt\u00e4miseksi tai k\u00e4ytt\u00e4j\u00e4n seuraamiseksi t\u00e4ll\u00e4 verkkosivustolla tai useilla verkkosivustoilla vastaavia markkinointitarkoituksia varten.<\/p><p class=\"cmplz-subtitle\">5.3 Sosiaalinen media<\/p><p>Olemme sis\u00e4llytt\u00e4neet verkkosivustollamme sis\u00e4lt\u00f6\u00e4 LinkedIn, Instagram ja Facebook:lt\u00e4 verkkosivujen mainostamiseksi (esim. \"tykk\u00e4\u00e4\", \"kiinnit\u00e4\") tai jakamiseksi (esim. \"twiittaa\") sosiaalisissa verkostoissa, kuten LinkedIn, Instagram ja Facebook. T\u00e4m\u00e4 sis\u00e4lt\u00f6 on upotettu LinkedIn, Instagram ja Facebook:st\u00e4 per\u00e4isin olevalla koodilla ja se asettaa ev\u00e4steit\u00e4. T\u00e4m\u00e4 sis\u00e4lt\u00f6 saattaa tallentaa ja k\u00e4sitell\u00e4 tiettyj\u00e4 tietoja henkil\u00f6kohtaista mainontaa varten.<\/p><p>Lue n\u00e4iden sosiaalisten verkostojen tietosuojalausunto (joka voi muuttua s\u00e4\u00e4nn\u00f6llisesti) lukeaksesi, mit\u00e4 he tekev\u00e4t (henkil\u00f6kohtaisilla) tiedoillasi, joita he k\u00e4sittelev\u00e4t n\u00e4iden ev\u00e4steiden avulla. Haettavat tiedot anonymisoidaan mahdollisimman paljon. LinkedIn, Instagram ja Facebook sijaitsevat Yhdysvalloissa.<\/p><h2>6. Asetetut ev\u00e4steet<\/h2><div id=\"cmplz-cookies-overview\"><details class=\"cmplz-dropdown cmplz-service-desc cmplz-dropdown-cookiepolicy \">\n\t<summary class=\"cmplz-service-header\"><div>\n\t\t<h3>Google Analytics<\/h3>\n\t\t<p>Tilastot<\/p>\n\t\t<label for=\"cmplz_service_google-analytics\" class=\"cmplz_consent_per_service_label\"><span class=\"screen-reader-text\">Consent to service google-analytics<\/span><\/label>\n\t\t<input type=\"checkbox\" id=\"cmplz_service_google-analytics\" class=\"cmplz-accept-service cmplz-hidden\" data-service=\"google-analytics\" data-category=\"functional\"><\/div>\n\t<\/summary>\n\t<div class=\"cmplz-service-description\">\n\t\t<h4>K\u00e4ytt\u00f6<\/h4>\n\t\t<p><\/p>\n\t<\/div>\n\t<div class=\"cmplz-sharing-data\">\n\t\t<h4>Tietojen jakaminen<\/h4>\n\t\t<p>N\u00e4it\u00e4 tietoja ei jaeta kolmansille osapuolille.<\/p>\n\t<\/div>\n\t<div class=\"cookies-per-purpose\">\n    <div class=\"purpose\"><h4>Tilastot<\/h4><\/div>\n    <div class=\"name-header\">\n\t<h5>Nimi<\/h5>\n<\/div>\n<div class=\"name\"><a target=\"_blank\" rel=\"noopener noreferrer nofollow\" href=\"https:\/\/cookiedatabase.org\/cookie\/unknown-service\/_ga\/\">_ga<\/a><\/div>\n<div class=\"retention-header\">\n\t<h5>Vanheneminen<\/h5>\n<\/div>\n<div class=\"retention\">2 vuotta<\/div>\n<div class=\"function-header\">\n\t<h5>Toiminto<\/h5>\n<\/div>\n<div class=\"function\">Tallentaa ja laskea sivun katselukerrat<\/div>\n<div class=\"name-header\">\n\t<h5>Nimi<\/h5>\n<\/div>\n<div class=\"name\"><a target=\"_blank\" rel=\"noopener noreferrer nofollow\" href=\"https:\/\/cookiedatabase.org\/cookie\/unknown-service\/_ga_\/\">_ga_*<\/a><\/div>\n<div class=\"retention-header\">\n\t<h5>Vanheneminen<\/h5>\n<\/div>\n<div class=\"retention\">1 vuosi<\/div>\n<div class=\"function-header\">\n\t<h5>Toiminto<\/h5>\n<\/div>\n<div class=\"function\">Tallentaa ja laskea sivun katselukerrat<\/div>\n\n<\/div>\n<\/details>\n<details class=\"cmplz-dropdown cmplz-service-desc cmplz-dropdown-cookiepolicy \">\n\t<summary class=\"cmplz-service-header\"><div>\n\t\t<h3>Polylang<\/h3>\n\t\t<p>Toiminnalliset<\/p>\n\t\t<label for=\"cmplz_service_polylang\" class=\"cmplz_consent_per_service_label\"><span class=\"screen-reader-text\">Consent to service polylang<\/span><\/label>\n\t\t<input type=\"checkbox\" id=\"cmplz_service_polylang\" class=\"cmplz-accept-service cmplz-hidden\" data-service=\"polylang\" data-category=\"functional\"><\/div>\n\t<\/summary>\n\t<div class=\"cmplz-service-description\">\n\t\t<h4>K\u00e4ytt\u00f6<\/h4>\n\t\t<p><\/p>\n\t<\/div>\n\t<div class=\"cmplz-sharing-data\">\n\t\t<h4>Tietojen jakaminen<\/h4>\n\t\t<p>N\u00e4it\u00e4 tietoja ei jaeta kolmansille osapuolille.<\/p>\n\t<\/div>\n\t<div class=\"cookies-per-purpose\">\n    <div class=\"purpose\"><h4>Toiminnalliset<\/h4><\/div>\n    <div class=\"name-header\">\n\t<h5>Nimi<\/h5>\n<\/div>\n<div class=\"name\"><a target=\"_blank\" rel=\"noopener noreferrer nofollow\" href=\"https:\/\/cookiedatabase.org\/cookie\/unknown-service\/pll_language\/\">pll_language<\/a><\/div>\n<div class=\"retention-header\">\n\t<h5>Vanheneminen<\/h5>\n<\/div>\n<div class=\"retention\">pysyv\u00e4<\/div>\n<div class=\"function-header\">\n\t<h5>Toiminto<\/h5>\n<\/div>\n<div class=\"function\">Tallentaa kieliasetukset<\/div>\n\n<\/div>\n<\/details>\n<details class=\"cmplz-dropdown cmplz-service-desc cmplz-dropdown-cookiepolicy \">\n\t<summary class=\"cmplz-service-header\"><div>\n\t\t<h3>WordPress<\/h3>\n\t\t<p>Toiminnalliset<\/p>\n\t\t<label for=\"cmplz_service_wordpress\" class=\"cmplz_consent_per_service_label\"><span class=\"screen-reader-text\">Consent to service wordpress<\/span><\/label>\n\t\t<input type=\"checkbox\" id=\"cmplz_service_wordpress\" class=\"cmplz-accept-service cmplz-hidden\" data-service=\"wordpress\" data-category=\"functional\"><\/div>\n\t<\/summary>\n\t<div class=\"cmplz-service-description\">\n\t\t<h4>K\u00e4ytt\u00f6<\/h4>\n\t\t<p><\/p>\n\t<\/div>\n\t<div class=\"cmplz-sharing-data\">\n\t\t<h4>Tietojen jakaminen<\/h4>\n\t\t<p>N\u00e4it\u00e4 tietoja ei jaeta kolmansille osapuolille.<\/p>\n\t<\/div>\n\t<div class=\"cookies-per-purpose\">\n    <div class=\"purpose\"><h4>Toiminnalliset<\/h4><\/div>\n    <div class=\"name-header\">\n\t<h5>Nimi<\/h5>\n<\/div>\n<div class=\"name\"><a target=\"_blank\" rel=\"noopener noreferrer nofollow\" href=\"https:\/\/cookiedatabase.org\/cookie\/unknown-service\/wordpress_logged_in_\/\">wordpress_logged_in_*<\/a><\/div>\n<div class=\"retention-header\">\n\t<h5>Vanheneminen<\/h5>\n<\/div>\n<div class=\"retention\">pysyv\u00e4<\/div>\n<div class=\"function-header\">\n\t<h5>Toiminto<\/h5>\n<\/div>\n<div class=\"function\">S\u00e4ilyt\u00e4 sis\u00e4\u00e4nkirjautuneet k\u00e4ytt\u00e4j\u00e4t<\/div>\n<div class=\"name-header\">\n\t<h5>Nimi<\/h5>\n<\/div>\n<div class=\"name\"><a target=\"_blank\" rel=\"noopener noreferrer nofollow\" href=\"https:\/\/cookiedatabase.org\/cookie\/unknown-service\/wpemojisettingssupports\/\">wpEmojiSettingsSupports<\/a><\/div>\n<div class=\"retention-header\">\n\t<h5>Vanheneminen<\/h5>\n<\/div>\n<div class=\"retention\">istunto<\/div>\n<div class=\"function-header\">\n\t<h5>Toiminto<\/h5>\n<\/div>\n<div class=\"function\">Tallentaa selaimen tiedot<\/div>\n\n<\/div>\n<\/details>\n<details class=\"cmplz-dropdown cmplz-service-desc cmplz-dropdown-cookiepolicy \">\n\t<summary class=\"cmplz-service-header\"><div>\n\t\t<h3>Wordfence<\/h3>\n\t\t<p>Toiminnalliset<\/p>\n\t\t<label for=\"cmplz_service_wordfence\" class=\"cmplz_consent_per_service_label\"><span class=\"screen-reader-text\">Consent to service wordfence<\/span><\/label>\n\t\t<input type=\"checkbox\" id=\"cmplz_service_wordfence\" class=\"cmplz-accept-service cmplz-hidden\" data-service=\"wordfence\" data-category=\"functional\"><\/div>\n\t<\/summary>\n\t<div class=\"cmplz-service-description\">\n\t\t<h4>K\u00e4ytt\u00f6<\/h4>\n\t\t<p><\/p>\n\t<\/div>\n\t<div class=\"cmplz-sharing-data\">\n\t\t<h4>Tietojen jakaminen<\/h4>\n\t\t<p>N\u00e4it\u00e4 tietoja ei jaeta kolmansille osapuolille.<\/p>\n\t<\/div>\n\t<div class=\"cookies-per-purpose\">\n    <div class=\"purpose\"><h4>Toiminnalliset<\/h4><\/div>\n    <div class=\"name-header\">\n\t<h5>Nimi<\/h5>\n<\/div>\n<div class=\"name\"><a target=\"_blank\" rel=\"noopener noreferrer nofollow\" href=\"https:\/\/cookiedatabase.org\/cookie\/unknown-service\/wfwaf-authcookie\/\">wfwaf-authcookie*<\/a><\/div>\n<div class=\"retention-header\">\n\t<h5>Vanheneminen<\/h5>\n<\/div>\n<div class=\"retention\">1 p\u00e4iv\u00e4<\/div>\n<div class=\"function-header\">\n\t<h5>Toiminto<\/h5>\n<\/div>\n<div class=\"function\">Lukea, onko k\u00e4ytt\u00e4j\u00e4 kirjautunut sis\u00e4\u00e4n<\/div>\n\n<\/div>\n<\/details>\n<details class=\"cmplz-dropdown cmplz-service-desc cmplz-dropdown-cookiepolicy \">\n\t<summary class=\"cmplz-service-header\"><div>\n\t\t<h3>Sekalaista<\/h3>\n\t\t<p>K\u00e4ytt\u00f6tarkoitus selvityksess\u00e4<\/p>\n\t\t<label for=\"cmplz_service_sekalaista\" class=\"cmplz_consent_per_service_label\"><span class=\"screen-reader-text\">Consent to service sekalaista<\/span><\/label>\n\t\t<input type=\"checkbox\" id=\"cmplz_service_sekalaista\" class=\"cmplz-accept-service cmplz-hidden\" data-service=\"sekalaista\" data-category=\"functional\"><\/div>\n\t<\/summary>\n\t<div class=\"cmplz-service-description\">\n\t\t<h4>K\u00e4ytt\u00f6<\/h4>\n\t\t<p><\/p>\n\t<\/div>\n\t<div class=\"cmplz-sharing-data\">\n\t\t<h4>Tietojen jakaminen<\/h4>\n\t\t<p>Tietojen jakaminen odottaa tutkintaa<\/p>\n\t<\/div>\n\t<div class=\"cookies-per-purpose\">\n    <div class=\"purpose\"><h4>K\u00e4ytt\u00f6tarkoitus selvityksess\u00e4<\/h4><\/div>\n    <div class=\"name-header\">\n\t<h5>Nimi<\/h5>\n<\/div>\n<div class=\"name\">__ss_tk<\/div>\n<div class=\"retention-header\">\n\t<h5>Vanheneminen<\/h5>\n<\/div>\n<div class=\"retention\"><\/div>\n<div class=\"function-header\">\n\t<h5>Toiminto<\/h5>\n<\/div>\n<div class=\"function\"><\/div>\n<div class=\"name-header\">\n\t<h5>Nimi<\/h5>\n<\/div>\n<div class=\"name\">__ss<\/div>\n<div class=\"retention-header\">\n\t<h5>Vanheneminen<\/h5>\n<\/div>\n<div class=\"retention\"><\/div>\n<div class=\"function-header\">\n\t<h5>Toiminto<\/h5>\n<\/div>\n<div class=\"function\"><\/div>\n<div class=\"name-header\">\n\t<h5>Nimi<\/h5>\n<\/div>\n<div class=\"name\">__ss_initial_referrer<\/div>\n<div class=\"retention-header\">\n\t<h5>Vanheneminen<\/h5>\n<\/div>\n<div class=\"retention\"><\/div>\n<div class=\"function-header\">\n\t<h5>Toiminto<\/h5>\n<\/div>\n<div class=\"function\"><\/div>\n<div class=\"name-header\">\n\t<h5>Nimi<\/h5>\n<\/div>\n<div class=\"name\">wp-settings-time-5<\/div>\n<div class=\"retention-header\">\n\t<h5>Vanheneminen<\/h5>\n<\/div>\n<div class=\"retention\"><\/div>\n<div class=\"function-header\">\n\t<h5>Toiminto<\/h5>\n<\/div>\n<div class=\"function\"><\/div>\n<div class=\"name-header\">\n\t<h5>Nimi<\/h5>\n<\/div>\n<div class=\"name\">__ss_referrer<\/div>\n<div class=\"retention-header\">\n\t<h5>Vanheneminen<\/h5>\n<\/div>\n<div class=\"retention\"><\/div>\n<div class=\"function-header\">\n\t<h5>Toiminto<\/h5>\n<\/div>\n<div class=\"function\"><\/div>\n<div class=\"name-header\">\n\t<h5>Nimi<\/h5>\n<\/div>\n<div class=\"name\">wp-settings-time-1<\/div>\n<div class=\"retention-header\">\n\t<h5>Vanheneminen<\/h5>\n<\/div>\n<div class=\"retention\"><\/div>\n<div class=\"function-header\">\n\t<h5>Toiminto<\/h5>\n<\/div>\n<div class=\"function\"><\/div>\n<div class=\"name-header\">\n\t<h5>Nimi<\/h5>\n<\/div>\n<div class=\"name\">koitk<\/div>\n<div class=\"retention-header\">\n\t<h5>Vanheneminen<\/h5>\n<\/div>\n<div class=\"retention\"><\/div>\n<div class=\"function-header\">\n\t<h5>Toiminto<\/h5>\n<\/div>\n<div class=\"function\"><\/div>\n<div class=\"name-header\">\n\t<h5>Nimi<\/h5>\n<\/div>\n<div class=\"name\">cmplz_functional<\/div>\n<div class=\"retention-header\">\n\t<h5>Vanheneminen<\/h5>\n<\/div>\n<div class=\"retention\">365 p\u00e4iv\u00e4\u00e4<\/div>\n<div class=\"function-header\">\n\t<h5>Toiminto<\/h5>\n<\/div>\n<div class=\"function\"><\/div>\n<div class=\"name-header\">\n\t<h5>Nimi<\/h5>\n<\/div>\n<div class=\"name\">cmplz_statistics<\/div>\n<div class=\"retention-header\">\n\t<h5>Vanheneminen<\/h5>\n<\/div>\n<div class=\"retention\">365 p\u00e4iv\u00e4\u00e4<\/div>\n<div class=\"function-header\">\n\t<h5>Toiminto<\/h5>\n<\/div>\n<div class=\"function\"><\/div>\n<div class=\"name-header\">\n\t<h5>Nimi<\/h5>\n<\/div>\n<div class=\"name\">cmplz_preferences<\/div>\n<div class=\"retention-header\">\n\t<h5>Vanheneminen<\/h5>\n<\/div>\n<div class=\"retention\">365 p\u00e4iv\u00e4\u00e4<\/div>\n<div class=\"function-header\">\n\t<h5>Toiminto<\/h5>\n<\/div>\n<div class=\"function\"><\/div>\n<div class=\"name-header\">\n\t<h5>Nimi<\/h5>\n<\/div>\n<div class=\"name\">cmplz_marketing<\/div>\n<div class=\"retention-header\">\n\t<h5>Vanheneminen<\/h5>\n<\/div>\n<div class=\"retention\">365 p\u00e4iv\u00e4\u00e4<\/div>\n<div class=\"function-header\">\n\t<h5>Toiminto<\/h5>\n<\/div>\n<div class=\"function\"><\/div>\n\n<\/div>\n<\/details>\n<\/div><h2>7. Suostumus<\/h2><p>Kun vierailet verkkosivuillamme ensimm\u00e4isen kerran, n\u00e4et ponnahdusikkunan, joka antaa tietoa ev\u00e4steist\u00e4. Kun painat \u201cTallenna asetukset\u201d, annat meille suostumuksesi k\u00e4ytt\u00e4\u00e4 ponnahdusikkunassa valitsemiasi ev\u00e4steit\u00e4 ja ohjelmalis\u00e4kkeit\u00e4, jotka n\u00e4iss\u00e4 ev\u00e4stek\u00e4yt\u00e4nteiss\u00e4 esitell\u00e4\u00e4n. Voit ottaa ev\u00e4steet pois k\u00e4yt\u00f6st\u00e4 selaimellasi, mutta huomioi, ett\u00e4 verkkosivustomme ei sen j\u00e4lkeen v\u00e4ltt\u00e4m\u00e4tt\u00e4 en\u00e4\u00e4 toimi oikein.<\/p><p class=\"cmplz-subtitle\">7.1 Hallinnoi suostumusasetuksiasi<\/p><div id=\"cmplz-manage-consent-container-nojavascript\">Olet ladannut ev\u00e4stek\u00e4yt\u00e4nn\u00f6n ilman JavaScript-tukea.&nbsp;AMP:ssa voit k\u00e4ytt\u00e4\u00e4 hallinnoida suostumuspainiketta sivun alareunassa.<\/div><div id=\"cmplz-manage-consent-container\" class=\"cmplz-manage-consent-container\"><\/div><h2>8. Ev\u00e4steiden k\u00e4ytt\u00f6\u00f6notto\/hylk\u00e4\u00e4minen ja poistaminen<\/h2><p>Voit k\u00e4ytt\u00e4\u00e4 Internet-selaimesi ev\u00e4steiden poistamiseen automaattisesti tai manuaalisesti. Voit my\u00f6s m\u00e4\u00e4ritt\u00e4\u00e4, ett\u00e4 tiettyj\u00e4 ev\u00e4steit\u00e4 ei saa asettaa. Toinen vaihtoehto on muuttaa Internet-selaimesi asetuksia niin, ett\u00e4 saat viestin aina, kun ev\u00e4ste asetetaan. Lis\u00e4tietoja n\u00e4ist\u00e4 vaihtoehdoista on selaimesi Ohje-osion ohjeissa.<\/p><p>Huomaa, ett\u00e4 verkkosivustomme ei v\u00e4ltt\u00e4m\u00e4tt\u00e4 toimi kunnolla, jos kaikki ev\u00e4steet on poistettu k\u00e4yt\u00f6st\u00e4. Jos poistat ev\u00e4steet selaimestasi, ne sijoitetaan uudelleen suostumuksesi j\u00e4lkeen, kun vierailet uudelleen verkkosivuillamme.<\/p><h2>9. Henkil\u00f6tietoihin liittyv\u00e4t oikeutesi<\/h2><p>Sinulla on seuraavat oikeudet henkil\u00f6tietoihisi liittyen:<\/p><ul>\n                    <li>Sinulla on oikeus tiet\u00e4\u00e4, miksi henkil\u00f6tietojasi tarvitaan, mit\u00e4 niille tapahtuu ja kuinka kauan niit\u00e4 s\u00e4ilytet\u00e4\u00e4n.<\/li>\n                    <li>P\u00e4\u00e4syoikeus: Sinulla on oikeus p\u00e4\u00e4st\u00e4 k\u00e4siksi tietoihisi, jotka ovat tiedossamme.<\/li>\n                    <li>Oikeus oikaisuun: Sinulla on oikeus t\u00e4ydent\u00e4\u00e4, korjata, poistaa tai est\u00e4\u00e4 henkil\u00f6tietojasi milloin tahansa.<\/li>\n                    <li>Jos annat meille suostumuksesi tietojesi k\u00e4sittelyyn, sinulla on oikeus peruuttaa suostumuksesi ja pyyt\u00e4\u00e4 henkil\u00f6tietosi poistamista.<\/li>\n                    <li>Oikeus siirt\u00e4\u00e4 tietojasi: Sinulla on oikeus pyyt\u00e4\u00e4 kaikki henkil\u00f6tietosi rekisterinpit\u00e4j\u00e4lt\u00e4 ja siirt\u00e4\u00e4 ne kokonaisuudessaan toiselle rekisterinpit\u00e4j\u00e4lle.<\/li>\n                    <li>Oikeus vastustaa: voit vastustaa tietojesi k\u00e4sittely\u00e4. Noudatamme t\u00e4t\u00e4, ellei k\u00e4sittelyyn ole perusteltua syyt\u00e4.<\/li>\n                <\/ul><p>Jos haluat k\u00e4ytt\u00e4\u00e4 n\u00e4it\u00e4 oikeuksia, ota meihin yhteytt\u00e4. Katso t\u00e4m\u00e4n ev\u00e4stek\u00e4yt\u00e4nn\u00f6n alareunassa olevat yhteystiedot. Jos sinulla on valitus siit\u00e4, miten k\u00e4sittelemme tietojasi, haluaisimme kuulla sinusta, mutta sinulla on my\u00f6s oikeus tehd\u00e4 valitus valvontaviranomaiselle (tietosuojaviranomaiselle).<\/p><h2>10. Yhteystiedot<\/h2><p>Jos sinulla on kysytt\u00e4v\u00e4\u00e4 ja\/tai kommentteja ev\u00e4stek\u00e4yt\u00e4nn\u00f6st\u00e4mme ja t\u00e4st\u00e4 lausunnosta, ota meihin yhteytt\u00e4 k\u00e4ytt\u00e4m\u00e4ll\u00e4 seuraavia yhteystietoja:<\/p><p><span class=\"cmplz-contact-organisation\">Fokus Nordic Finland Oy<\/span><br>\n                      <span class=\"cmplz-contact-address\">Mikonkatu 7, 5B<br \/>\n00100 Helsinki<\/span><br>\n                      <span class=\"cmplz-contact-country\">Suomi<\/span><br>\n                    Verkkosivusto: <span class=\"cmplz-contact-domain\"><a href=\"https:\/\/movepitajanmaki.fi\">https:\/\/movepitajanmaki.fi<\/a><\/span><br>\n                    S\u00e4hk\u00f6posti: <span class=\"cmplz-contact-email\"><span class=\"cmplz-obfuscate\">le&#101;&#110;&#097;&#046;&#115;&#111;&#105;ni@<span class=\"cmplz-fmail-domain\">ex&#046;&#099;o&#109;<\/span>&#102;&#111;&#107;u&#115;&#110;&#111;&#114;di&#099;.&#099;o&#109;<\/span><\/span><br>\n                    <span class=\"cmplz-contact-telephone\">Phone number: +358 942 732 519<\/span><\/p><p>N\u00e4m\u00e4 ev\u00e4stek\u00e4yt\u00e4nteet synkronoitiin <a href=\"https:\/\/cookiedatabase.org\/\" target=\"_blank\">cookiedatabase.org<\/a>-verkkosivuston kanssa maaliskuu 2, 2026.<\/p><\/div>\n\n\n\n<p><\/p>\n","protected":false},"excerpt":{"rendered":"","protected":false},"author":1,"featured_media":0,"parent":0,"menu_order":0,"comment_status":"closed","ping_status":"closed","template":"","meta":{"inline_featured_image":false,"wpupg_custom_link":[],"wpupg_custom_link_behaviour":[],"wpupg_custom_link_nofollow":[],"wpupg_custom_image":[],"wpupg_custom_image_id":[],"footnotes":""},"class_list":["post-1563","page","type-page","status-publish","hentry"],"_links":{"self":[{"href":"https:\/\/movepitajanmaki.fi\/index.php\/wp-json\/wp\/v2\/pages\/1563","targetHints":{"allow":["GET"]}}],"collection":[{"href":"https:\/\/movepitajanmaki.fi\/index.php\/wp-json\/wp\/v2\/pages"}],"about":[{"href":"https:\/\/movepitajanmaki.fi\/index.php\/wp-json\/wp\/v2\/types\/page"}],"author":[{"embeddable":true,"href":"https:\/\/movepitajanmaki.fi\/index.php\/wp-json\/wp\/v2\/users\/1"}],"replies":[{"embeddable":true,"href":"https:\/\/movepitajanmaki.fi\/index.php\/wp-json\/wp\/v2\/comments?post=1563"}],"version-history":[{"count":2,"href":"https:\/\/movepitajanmaki.fi\/index.php\/wp-json\/wp\/v2\/pages\/1563\/revisions"}],"predecessor-version":[{"id":1566,"href":"https:\/\/movepitajanmaki.fi\/index.php\/wp-json\/wp\/v2\/pages\/1563\/revisions\/1566"}],"wp:attachment":[{"href":"https:\/\/movepitajanmaki.fi\/index.php\/wp-json\/wp\/v2\/media?parent=1563"}],"curies":[{"name":"wp","href":"https:\/\/api.w.org\/{rel}","templated":true}]}}