{"id":283,"date":"2020-09-03T10:08:31","date_gmt":"2020-09-03T10:08:31","guid":{"rendered":"https:\/\/movepitajanmaki.fi\/?page_id=283"},"modified":"2026-02-01T20:10:20","modified_gmt":"2026-02-01T18:10:20","slug":"services","status":"publish","type":"page","link":"https:\/\/movepitajanmaki.fi\/index.php\/en\/services\/","title":{"rendered":"Services"},"content":{"rendered":"<div class=\"wp-bootstrap-blocks-container container-fluid mb-2\">\n\t\n<div class=\"wp-bootstrap-blocks-container container mb-2 mtb-40\">\n\t\n\n<h3 class=\"wp-block-heading has-text-align-center has-text-color\" style=\"color:#2d4d4a\">Quality services and facilities for a quality work experience<\/h3>\n\n<\/div>\n\n<\/div>\n\n\n<div class=\"wp-bootstrap-blocks-container container-fluid mb-2\">\n\t\n<div class=\"wp-bootstrap-blocks-container container mb-2 mtb-40\">\n\t\n\n<p class=\"has-text-align-center\">From the moment you arrive at Move, to the moment you leave, everything has been planned to make the working day a productive and rewarding experience. From superb lobby staff who who provide a variety of support services, to a flexible meeting center, excellent catering services, a new restaurant Pause and sandwich shop Subway, a fully equipped gym, facilities for cyclists and plenty of indoor and outdoor parking space.<\/p>\n\n<\/div>\n\n<\/div>\n\n\n<div class=\"wp-bootstrap-blocks-container container-fluid mb-0 mtb-60 bg-lightwhite restaurant services\">\n\t\n<div class=\"wp-bootstrap-blocks-container container-lg mb-0\">\n\t\n\n<a name=\"restaurants\" id=\"restaurants\"> <\/a>\n\n\n\n<h3 class=\"wp-block-heading has-text-align-center has-text-color\" style=\"color:#2d4d4a\">Restaurants<\/h3>\n\n\n\n<a name=\"restaurant-pause\" id=\"restaurant-pause\"> <\/a>\n\n\n\n<div class=\"col-12\">\n<div class=\"pause-carousel\">\n        <div id=\"cptbc_671\" class=\"carousel slide carousel-fade\"  data-ride=\"carousel\" data-interval=\"3000\">\n\n                                <ol class=\"carousel-indicators\">\n                                            <li data-target=\"#cptbc_671\" data-slide-to=\"0\" class=\"active\"><\/li>\n                                            <li data-target=\"#cptbc_671\" data-slide-to=\"1\" ><\/li>\n                                            <li data-target=\"#cptbc_671\" data-slide-to=\"2\" ><\/li>\n                                            <li data-target=\"#cptbc_671\" data-slide-to=\"3\" ><\/li>\n                                        <\/ol>\n                \n            <div class=\"carousel-inner\">\n            \n                <div class=\"carousel-item active\" id=\"cptbc-item-1224\"  style=\"height: 640px;  background: url('https:\/\/movepitajanmaki.fi\/wp-content\/uploads\/2020\/09\/1099633-min-scaled.jpg') no-repeat center center ; -webkit-background-size: cover; -moz-background-size: cover; -o-background-size: cover; background-size: cover;\">\n                                    <\/div>\n            \n                <div class=\"carousel-item \" id=\"cptbc-item-1225\"  style=\"height: 640px;  background: url('https:\/\/movepitajanmaki.fi\/wp-content\/uploads\/2023\/11\/1099571-min-scaled.jpg') no-repeat center center ; -webkit-background-size: cover; -moz-background-size: cover; -o-background-size: cover; background-size: cover;\">\n                                    <\/div>\n            \n                <div class=\"carousel-item \" id=\"cptbc-item-1226\"  style=\"height: 640px;  background: url('https:\/\/movepitajanmaki.fi\/wp-content\/uploads\/2023\/11\/DSC01212-min-scaled.jpg') no-repeat center center ; -webkit-background-size: cover; -moz-background-size: cover; -o-background-size: cover; background-size: cover;\">\n                                    <\/div>\n            \n                <div class=\"carousel-item \" id=\"cptbc-item-1355\"  style=\"height: 640px;  background: url('https:\/\/movepitajanmaki.fi\/wp-content\/uploads\/2024\/02\/DSC01230-min-scaled.jpg') no-repeat center center ; -webkit-background-size: cover; -moz-background-size: cover; -o-background-size: cover; background-size: cover;\">\n                                    <\/div>\n                        <\/div>\n\n                                <a class=\"carousel-control-prev\" role=\"button\" href=\"#cptbc_671\" data-slide=\"prev\"><span class=\"carousel-control-prev-icon icon-prev\"><\/span><\/a>\n                    <a class=\"carousel-control-next\" role=\"button\" href=\"#cptbc_671\" data-slide=\"next\"><span class=\"carousel-control-next-icon icon-next\"><\/span><\/a>\n                \n        <\/div>\n\n        \n<\/div>\n<\/div>\n\n\n<div class=\"wp-bootstrap-blocks-row row mtb-30\">\n\t\n\n<div class=\"col-12 col-md-6 ptb-30 text-center\">\n\t\t\t\n\n<figure class=\"wp-block-image size-medium\"><img loading=\"lazy\" decoding=\"async\" width=\"400\" height=\"150\" src=\"https:\/\/movepitajanmaki.fi\/wp-content\/uploads\/2023\/10\/logo_pause.png\" alt=\"\" class=\"wp-image-1221\" srcset=\"https:\/\/movepitajanmaki.fi\/wp-content\/uploads\/2023\/10\/logo_pause.png 400w, https:\/\/movepitajanmaki.fi\/wp-content\/uploads\/2023\/10\/logo_pause-300x113.png 300w\" sizes=\"auto, (max-width: 400px) 100vw, 400px\" \/><\/figure>\n\n\n\n<h5 class=\"wp-block-heading\"> &nbsp;<\/h5>\n\n\t<\/div>\n\n\n\n<div class=\"col-12 col-md-6 ptb-40\">\n\t\t\t\n\n<h4 class=\"wp-block-heading has-text-color\" style=\"color:#2d4d4a\">Restaurant Pause<\/h4>\n\n\n\n<p class=\"has-text-align-left\">A new versatile restaurant has opened in Move. The restaurant refurbishment is part of Move&#8217;s comprehensive renewal project, which also gave the property&#8217;s lobby a new fresh look. The restaurant space was modernized into a cozy service area and a living room for Move\u2019s tenants. You are welcome to visit Pause and enjoy its offerings during its opening hours on weekdays from 7:45 AM to 4:00 PM. As a Move\u2019s tenant, you can use Pause as a living room and a place to relax in the evenings and on weekends. Pause is owned and operated by Compass Group.<\/p>\n\n\n\n<p class=\"has-text-align-left\">Food services have expanded into a high-quality offering that considers sustainability \tand well-being values. Restaurant Pause offers a variety of well-being-\tsupporting lunch and breakfast options, as well as cafe and take-away areas\tserve Move\u2019s tenants around the clock. Also, a lunch cabinet for meetings is located at the restaurant. Additionally, meeting catering has been renewed, and it can be easily reserved \tthrough the restaurant&#8217;s reservation system.<\/p>\n\n\n\n<p class=\"has-text-align-left\">Is it time for a Pause? Welcome to enjoy!<\/p>\n\n\n\n<h5 class=\"wp-block-heading\"> &nbsp;<\/h5>\n\n\t<\/div>\n\n<\/div>\n\n\n<div class=\"wp-bootstrap-blocks-row row mtb-30\">\n\t\n\n<div class=\"col-12 col-md-6\">\n\t\t\t\n<div class=\"wp-bootstrap-blocks-button text-center\">\n\t<a\n\t\thref=\"https:\/\/www.compass-group.fi\/en\/ravintolat-ja-ruokalistat\/other-open-restaurant\/kaupungit\/helsinki\/pause\/\"\n\t\t\t\t\t\tclass=\"btn lightgray bg-green btn-secondary\"\n\t>\n\t\tSHOW LUNCH MENU\t<\/a>\n<\/div>\n\n\n\n<div style=\"height:41px\" aria-hidden=\"true\" class=\"wp-block-spacer\"><\/div>\n\n\n<div class=\"wp-bootstrap-blocks-button text-center\">\n\t<a\n\t\thref=\"https:\/\/compass.asio.fi\/onlinekalenteri\/compass\/guest.php?page=kirjautuminen&#038;ss_lang=eng\"\n\t\t\t\t\t\tclass=\"btn lightgray bg-green btn-secondary\"\n\t>\n\t\tRESERVE MEETING CATERING\t<\/a>\n<\/div>\n\n\t<\/div>\n\n\n\n<div class=\"col-12 col-md-6\">\n\t\t\t\n<!-- button here -->\n\t<\/div>\n\n<\/div>\n\n<\/div>\n\n\n<div class=\"wp-bootstrap-blocks-container container-lg mb-0\">\n\t\n\n<a name=\"restaurant-subway\" id=\"restaurant-subway\"> <\/a>\n\n\n<div class=\"wp-bootstrap-blocks-row row mtb-40\">\n\t\n\n<div class=\"col-12 col-md-6 ptb-30 text-center\">\n\t\t\t\n\n<figure class=\"wp-block-image size-medium\"><img loading=\"lazy\" decoding=\"async\" width=\"400\" height=\"90\" src=\"https:\/\/movepitajanmaki.fi\/wp-content\/uploads\/2023\/10\/logo_subway.png\" alt=\"\" class=\"wp-image-1222\" srcset=\"https:\/\/movepitajanmaki.fi\/wp-content\/uploads\/2023\/10\/logo_subway.png 400w, https:\/\/movepitajanmaki.fi\/wp-content\/uploads\/2023\/10\/logo_subway-300x68.png 300w\" sizes=\"auto, (max-width: 400px) 100vw, 400px\" \/><\/figure>\n\n\n\n<h5 class=\"wp-block-heading\"> &nbsp;<\/h5>\n\n\t<\/div>\n\n\n\n<div class=\"col-12 col-md-6 ptb-40\">\n\t\t\t\n\n<h4 class=\"wp-block-heading has-text-color\" style=\"color:#2d4d4a\">Subway<\/h4>\n\n\n\n<p class=\"has-text-align-left\">The restaurant offering at Move also includes the popular fast-food restaurant Subway, located on the ground floor of the building. The restaurant provides delicious and quick options for Move\u2019s tenants and other residents of the area. The restaurant serves customers on weekdays and weekends according to its opening hours.<\/p>\n\n\n\n<h5 class=\"wp-block-heading\"> &nbsp;<\/h5>\n\n\t<\/div>\n\n<\/div>\n\n<\/div>\n\n<\/div>\n\n\n<div class=\"wp-bootstrap-blocks-container container-fluid mb-0 mt-0 mtb-60 bg-lightgray restaurant services\">\n\t\n<div class=\"wp-bootstrap-blocks-container container-lg mb-0\">\n\t\n\n<a name=\"meetingrooms\" id=\"meetingrooms\"> <\/a>\n\n\n\n<h3 class=\"wp-block-heading has-text-align-center has-text-color\" style=\"color:#2d4d4a\">Meeting services<\/h3>\n\n\n<div class=\"wp-bootstrap-blocks-row row mtb-60\">\n\t\n\n<div class=\"col-12 col-md-6\">\n\t\t\t\n\n<p class=\"has-text-align-left\">The meeting services at Moven are expanding.<\/p>\n\n\n\n<p class=\"has-text-align-left\">Meeting rooms can be booked for groups of different sizes. There are 3 rooms available for rent in the meeting center, two of them are on 1<sup>st<\/sup>&nbsp;floor. The restaurant Pause\u2019s lunch cabinet for private events and meetings is located on the ground floor, and it\u2019s easily rentable through the reservation system.<\/p>\n\n\n\n<p class=\"has-text-align-left\"> All meeting rooms have Internet access and high-quality AV equipment. The lobby staff will guide you through the use of the equipment.<\/p>\n\n\n\n<p class=\"has-text-align-left\">\nMeeting rooms and catering services can be booked from the lobby staff or the reservation system. The restaurant Pause provides ample and delicious meeting catering, which can also be reserved through the reservation system.<\/p>\n\n\n\n<h2 class=\"wp-block-heading\"> &nbsp;<\/h2>\n\n\t<\/div>\n\n\n\n<div class=\"col-12 col-md-6\">\n\t\t\t\n\n<figure class=\"wp-block-table bg-white\"><table><thead><tr><th class=\"has-text-align-left\" data-align=\"left\">Meeting Rooms<\/th><th class=\"has-text-align-right\" data-align=\"right\"><\/th><\/tr><\/thead><tbody><tr><td class=\"has-text-align-left\" data-align=\"left\"><strong>Room Villa<\/strong><\/td><td class=\"has-text-align-right\" data-align=\"right\">12 people<\/td><\/tr><tr><td class=\"has-text-align-left\" data-align=\"left\"><strong>Room Silkki<\/strong><\/td><td class=\"has-text-align-right\" data-align=\"right\">14 people<\/td><\/tr><tr><td class=\"has-text-align-left\" data-align=\"left\"><strong>Room Pellava<\/strong><\/td><td class=\"has-text-align-right\" data-align=\"right\">10 people<\/td><\/tr><tr><td class=\"has-text-align-left\" data-align=\"left\"><strong>Workshop room<\/strong> <strong>K1<\/strong><\/td><td class=\"has-text-align-right\" data-align=\"right\">30 people<\/td><\/tr><\/tbody><\/table><\/figure>\n\n\t<\/div>\n\n<\/div>\n\n\n\n<div class=\"col-12\">\n<div class=\"pause-carousel\">\n        <div id=\"cptbc_524\" class=\"carousel slide carousel-fade\"  data-ride=\"carousel\" data-interval=\"3000\">\n\n                                <ol class=\"carousel-indicators\">\n                                            <li data-target=\"#cptbc_524\" data-slide-to=\"0\" class=\"active\"><\/li>\n                                            <li data-target=\"#cptbc_524\" data-slide-to=\"1\" ><\/li>\n                                            <li data-target=\"#cptbc_524\" data-slide-to=\"2\" ><\/li>\n                                        <\/ol>\n                \n            <div class=\"carousel-inner\">\n            \n                <div class=\"carousel-item active\" id=\"cptbc-item-1327\"  style=\"height: 640px;  background: url('https:\/\/movepitajanmaki.fi\/wp-content\/uploads\/2023\/11\/1099529-min-scaled.jpg') no-repeat center center ; -webkit-background-size: cover; -moz-background-size: cover; -o-background-size: cover; background-size: cover;\">\n                                    <\/div>\n            \n                <div class=\"carousel-item \" id=\"cptbc-item-1329\"  style=\"height: 640px;  background: url('https:\/\/movepitajanmaki.fi\/wp-content\/uploads\/2023\/11\/Neuvottelutila-1-min.png') no-repeat center center ; -webkit-background-size: cover; -moz-background-size: cover; -o-background-size: cover; background-size: cover;\">\n                                    <\/div>\n            \n                <div class=\"carousel-item \" id=\"cptbc-item-1358\"  style=\"height: 640px;  background: url('https:\/\/movepitajanmaki.fi\/wp-content\/uploads\/2023\/11\/Neuvottelutila-2-min-scaled.jpg') no-repeat center center ; -webkit-background-size: cover; -moz-background-size: cover; -o-background-size: cover; background-size: cover;\">\n                                    <\/div>\n                        <\/div>\n\n                                <a class=\"carousel-control-prev\" role=\"button\" href=\"#cptbc_524\" data-slide=\"prev\"><span class=\"carousel-control-prev-icon icon-prev\"><\/span><\/a>\n                    <a class=\"carousel-control-next\" role=\"button\" href=\"#cptbc_524\" data-slide=\"next\"><span class=\"carousel-control-next-icon icon-next\"><\/span><\/a>\n                \n        <\/div>\n\n        \n<\/div>\n<\/div>\n\n\n\n<p class=\"has-text-align-center\">Meeting rooms can be reserved by anyone, not just Moven tenants, at a rate of \u20ac30 per hour or \u20ac140 per day plus alv.<br>Meeting rooms can be rented by Move tenants for 20\u20ac\/h or 100\u20ac\/day plus alv.<\/p>\n\n\n\n<p class=\"has-text-align-center\">Meeting rooms and catering can be reserved simultaneously through the reservation system and will be billed together.<br>In matters related to meeting rooms and catering, you can also contact the lobby: move.aulapalvelut@compass-group.fi<\/p>\n<\/p>\n\n<div style=\"height:41px\" aria-hidden=\"true\" class=\"wp-block-spacer\"><\/div>\n\n<div class=\"wp-bootstrap-blocks-button text-center\">\n\t<a\n\t\thref=\"https:\/\/compass.asio.fi\/onlinekalenteri\/compass\/guest.php?page=kirjautuminen&#038;ss_lang=eng\"\n\t\t\t\t\t\tclass=\"btn lightgray bg-green btn-secondary\"\n\t>\n\t\tRESERVE MEETING ROOMS\t<\/a>\n<\/div>\n\n\n<div style=\"height:41px\" aria-hidden=\"true\" class=\"wp-block-spacer\"><\/div>\n\n<div class=\"wp-bootstrap-blocks-button text-center\">\n\t<a\n\t\thref=\"https:\/\/compass.asio.fi\/onlinekalenteri\/compass\/guest.php?page=kirjautuminen&#038;ss_lang=eng\"\n\t\t\t\t\t\tclass=\"btn lightgray bg-green btn-secondary\"\n\t>\n\t\tRESERVE MEETING CATERING\t<\/a>\n<\/div>\n\n\n<\/div>\n\n<\/div>\n\n\n\n<a name=\"gym\" id=\"gym\"> <\/a>\n\n\n<div class=\"wp-bootstrap-blocks-container container-fluid mb-0 bg-white mtb-60\">\n\t\n<div class=\"wp-bootstrap-blocks-container container-lg mb-0 mtb-60 ptb-40\">\n\t\n<div class=\"wp-bootstrap-blocks-row row\">\n\t\n\n<div class=\"col-12 col-md-6\">\n\t\t\t\n\n<figure class=\"wp-block-image size-large\"><img loading=\"lazy\" decoding=\"async\" width=\"1024\" height=\"1024\" src=\"https:\/\/movepitajanmaki.fi\/wp-content\/uploads\/2023\/03\/move-gym-1024x1024.jpg\" alt=\"\" class=\"wp-image-946\" srcset=\"https:\/\/movepitajanmaki.fi\/wp-content\/uploads\/2023\/03\/move-gym-1024x1024.jpg 1024w, https:\/\/movepitajanmaki.fi\/wp-content\/uploads\/2023\/03\/move-gym-300x300.jpg 300w, https:\/\/movepitajanmaki.fi\/wp-content\/uploads\/2023\/03\/move-gym-150x150.jpg 150w, https:\/\/movepitajanmaki.fi\/wp-content\/uploads\/2023\/03\/move-gym-768x768.jpg 768w, https:\/\/movepitajanmaki.fi\/wp-content\/uploads\/2023\/03\/move-gym.jpg 1080w\" sizes=\"auto, (max-width: 1024px) 100vw, 1024px\" \/><\/figure>\n\n\t<\/div>\n\n\n\n<div class=\"col-12 col-md-6 ptb-20\">\n\t\t\t\n\n<h3 class=\"wp-block-heading has-text-align-left mtb-20 has-text-color\" style=\"color:#2d4d4a\">Gym<\/h3>\n\n\n\n<p>Elixia Pit\u00e4j\u00e4nm\u00e4ki is a full-service sports center. Under the same roof, where you can find a well-equipped gym a wide group-exercise offering, and a safe and comfortable children&#8217;s area. Move\u2019s tenants will receive a good benefit from the gym membership.<\/p>\n\n\n\n<h3 class=\"wp-block-heading has-text-align-left mtb-20 has-text-color\" style=\"color:#2d4d4a\">Cyclists and runners<\/h3>\n\n\n\n<p>Cyclists and runners are served by functional shower and locker room facilities with storage.<\/p>\n\n\t<\/div>\n\n<\/div>\n\n<\/div>\n\n<\/div>\n\n\n<div class=\"wp-bootstrap-blocks-container container-fluid mb-0 bg-lightgray services\">\n\t\n<div class=\"wp-bootstrap-blocks-container container-xl mb-2 mt-0 mb-0 mtb-0 ptb-40\">\n\t\n<div class=\"wp-bootstrap-blocks-row row\">\n\t\n\n<div class=\"col-12 col-md-4\">\n\t\t\t\n\n<p><h4>Property Services:<\/h4><br>\n<\/p><figure class=\"wp-block-table\"><table><tbody><tr><td><img decoding=\"async\" style=\"width: 26px;\" src=\"https:\/\/movepitajanmaki.fi\/wp-content\/uploads\/2023\/03\/service-ico-placeholder.svg\" alt=\"\"><\/td><td>Quality lobby services<br><\/td><\/tr><tr><td><img decoding=\"async\" style=\"width: 22px;\" src=\"https:\/\/movepitajanmaki.fi\/wp-content\/uploads\/2023\/03\/service-ico-placeholder.svg\" alt=\"\"><\/td><td>Two restaurants<br><\/td><\/tr><tr><td><img decoding=\"async\" style=\"width: 24px;\" src=\"https:\/\/movepitajanmaki.fi\/wp-content\/uploads\/2023\/03\/service-ico-placeholder.svg\" alt=\"\"><\/td><td>Catering<br><\/td><\/tr><tr><td><img decoding=\"async\" style=\"width: 26px;\" src=\"https:\/\/movepitajanmaki.fi\/wp-content\/uploads\/2023\/03\/service-ico-placeholder.svg\" alt=\"\"><\/td><td>Gym<br><\/td><\/tr><tr><td><img decoding=\"async\" style=\"width: 26px;\" src=\"https:\/\/movepitajanmaki.fi\/wp-content\/uploads\/2023\/03\/service-ico-placeholder.svg\" alt=\"\"><\/td><td>Conference rooms for rent<\/td><\/tr><tr><td><img decoding=\"async\" style=\"width: 26px;\" src=\"https:\/\/movepitajanmaki.fi\/wp-content\/uploads\/2023\/03\/service-ico-placeholder.svg\" alt=\"\"><\/td><td>Facilities for cyclists<\/td><\/tr><tr><td><img decoding=\"async\" style=\"width: 26px;\" src=\"https:\/\/movepitajanmaki.fi\/wp-content\/uploads\/2023\/03\/service-ico-placeholder.svg\" alt=\"\"><\/td><td>Storage space for rent<\/td><\/tr><\/tbody><\/table><\/figure><br><p><h4>Parking:<\/h4><br>\nParking space in the underground garage and in the yard of the property. Visitor Parking also in the yard. EV charging stations have been installed. <\/p>\n\n\t<\/div>\n\n\n\n<div class=\"col-12 col-md-4\">\n\t\t\t\n\n<div class=\"wp-block-group\"><div class=\"wp-block-group__inner-container is-layout-flow wp-block-group-is-layout-flow\">\n<div id=\"wpgmza_map\" class=\"wpgmza_map\" data-settings='{\"id\":\"1\",\"map_title\":\"Move\",\"map_width\":\"100\",\"map_height\":\"320\",\"map_start_lat\":\"60.215074\",\"map_start_lng\":\"24.876392\",\"map_start_location\":\"60.21507409763737,24.87639176262454\",\"map_start_zoom\":\"15\",\"default_marker\":\"0\",\"type\":\"2\",\"alignment\":\"4\",\"directions_enabled\":\"1\",\"styling_enabled\":\"0\",\"styling_json\":\"\",\"active\":\"0\",\"kml\":\"\",\"bicycle\":\"0\",\"traffic\":\"0\",\"dbox\":\"1\",\"dbox_width\":\"100\",\"listmarkers\":\"0\",\"listmarkers_advanced\":\"0\",\"filterbycat\":\"0\",\"ugm_enabled\":\"0\",\"ugm_category_enabled\":\"0\",\"fusion\":\"\",\"map_width_type\":\"\\\\%\",\"map_height_type\":\"px\",\"mass_marker_support\":\"1\",\"ugm_access\":\"0\",\"order_markers_by\":\"1\",\"order_markers_choice\":\"2\",\"show_user_location\":\"0\",\"default_to\":\"\",\"other_settings\":{\"store_locator_enabled\":2,\"store_locator_distance\":2,\"store_locator_default_radius\":10,\"store_locator_not_found_message\":\"No results found in this location. Please try again.\",\"store_locator_bounce\":1,\"store_locator_query_string\":\"ZIP \\\/ Address:\",\"store_locator_default_address\":\"\",\"wpgmza_store_locator_restrict\":\"\",\"wpgmza_store_locator_radius_style\":\"modern\",\"map_max_zoom\":\"1\",\"transport_layer\":0,\"wpgmza_show_points_of_interest\":0,\"wpgmza_auto_night\":0}}' data-map-id='1' Data-maps-engine='open-layers' data-shortcode-attributes='{\"id\":\"1\"}' style=\"display:block; overflow:auto; width:100%; height:320px; float:left;\"><\/div>\n<\/div><\/div>\n\n\n\n<figure class=\"wp-block-table\"><table><tbody><tr><td><img decoding=\"async\" class=\"wp-image-169\" style=\"width: 24px;\" src=\"https:\/\/movepitajanmaki.fi\/wp-content\/uploads\/2023\/03\/service-ico-placeholder.svg\" alt=\"\"><\/td><td>Bus stop 5 m<\/td><td><img decoding=\"async\" class=\"wp-image-170\" style=\"width: 20px;\" src=\"https:\/\/movepitajanmaki.fi\/wp-content\/uploads\/2023\/03\/service-ico-placeholder.svg\" alt=\"\"><\/td><td>Railway station 800 m<\/td><\/tr><tr><td><img decoding=\"async\" class=\"wp-image-171\" style=\"width: 15px;\" src=\"https:\/\/movepitajanmaki.fi\/wp-content\/uploads\/2023\/03\/service-ico-placeholder.svg\" alt=\"\"><\/td><td>Tram stop 20 m<\/td><td><img decoding=\"async\" class=\"wp-image-172\" style=\"width: 20px;\" src=\"https:\/\/movepitajanmaki.fi\/wp-content\/uploads\/2023\/03\/service-ico-placeholder.svg\" alt=\"\"><\/td><td>Airport 17 km<\/td><\/tr><\/tbody><\/table><\/figure>\n\n\t<\/div>\n\n\n\n<div class=\"col-12 col-md-4\">\n\t\t\t\n\n<p class=\"heebo lh-20\"><strong class=\"darkgreen\">MORE INFORMATION FROM:<\/strong><\/p>\n\n\n\n<p class=\"heebo lh-20\">Kimmo Korpela<br>Fokus Nordic Finland Oy<br>p. 050 530 8025<br><a href=\"mailto:kimmo.korpela@fokusnordic.com\">kimmo.korpela@fokusnordic.com<\/a><\/p>\n\n\n\t<\/div>\n\n<\/div>\n\n\n\n<p><\/p>\n\n<\/div>\n\n<\/div>\n","protected":false},"excerpt":{"rendered":"","protected":false},"author":1,"featured_media":0,"parent":0,"menu_order":0,"comment_status":"closed","ping_status":"closed","template":"","meta":{"inline_featured_image":false,"wpupg_custom_link":[],"wpupg_custom_link_behaviour":[],"wpupg_custom_link_nofollow":[],"wpupg_custom_image":[],"wpupg_custom_image_id":[],"footnotes":""},"class_list":["post-283","page","type-page","status-publish","hentry"],"_links":{"self":[{"href":"https:\/\/movepitajanmaki.fi\/index.php\/wp-json\/wp\/v2\/pages\/283","targetHints":{"allow":["GET"]}}],"collection":[{"href":"https:\/\/movepitajanmaki.fi\/index.php\/wp-json\/wp\/v2\/pages"}],"about":[{"href":"https:\/\/movepitajanmaki.fi\/index.php\/wp-json\/wp\/v2\/types\/page"}],"author":[{"embeddable":true,"href":"https:\/\/movepitajanmaki.fi\/index.php\/wp-json\/wp\/v2\/users\/1"}],"replies":[{"embeddable":true,"href":"https:\/\/movepitajanmaki.fi\/index.php\/wp-json\/wp\/v2\/comments?post=283"}],"version-history":[{"count":61,"href":"https:\/\/movepitajanmaki.fi\/index.php\/wp-json\/wp\/v2\/pages\/283\/revisions"}],"predecessor-version":[{"id":1537,"href":"https:\/\/movepitajanmaki.fi\/index.php\/wp-json\/wp\/v2\/pages\/283\/revisions\/1537"}],"wp:attachment":[{"href":"https:\/\/movepitajanmaki.fi\/index.php\/wp-json\/wp\/v2\/media?parent=283"}],"curies":[{"name":"wp","href":"https:\/\/api.w.org\/{rel}","templated":true}]}}